 of 2341577.
7, 334511
What are the prime factors of 5994619?
29, 421, 491
What are the prime factors of 135349?
135349
List the prime factors of 27042306.
2, 3, 4507051
List the prime factors of 565070.
2, 5, 11, 467
List the prime factors of 488943.
3, 7, 13, 199
List the prime factors of 392487.
3, 130829
List the prime factors of 318027.
3, 227, 467
List the prime factors of 1168150.
2, 5, 61, 383
What are the prime factors of 152281?
197, 773
List the prime factors of 226108.
2, 56527
List the prime factors of 2764309.
29, 199, 479
What are the prime factors of 5874980?
2, 5, 293749
List the prime factors of 32610763.
32610763
List the prime factors of 608178.
2, 3, 101363
What are the prime factors of 39110?
2, 5, 3911
What are the prime factors of 892620?
2, 3, 5, 19, 29
What are the prime factors of 2677362?
2, 3, 446227
What are the prime factors of 3968834?
2, 19, 23, 239
What are the prime factors of 14022099?
3, 7, 13, 439
List the prime factors of 5371833.
3, 1790611
What are the prime factors of 313775?
5, 7, 11, 163
What are the prime factors of 13493981?
139, 193, 503
What are the prime factors of 224908?
2, 59, 953
List the prime factors of 164439.
3, 11, 151
List the prime factors of 1583284.
2, 29, 13649
What are the prime factors of 670995?
3, 5, 13, 31, 37
List the prime factors of 20531.
7, 419
What are the prime factors of 1191937?
1191937
What are the prime factors of 11272807?
7, 13, 733
List the prime factors of 254361.
3, 84787
What are the prime factors of 778842?
2, 3, 14423
List the prime factors of 23833282.
2, 11, 113, 9587
List the prime factors of 1689248.
2, 11, 4799
What are the prime factors of 8540116?
2, 13, 164233
What are the prime factors of 68108?
2, 17027
List the prime factors of 121107.
3, 7, 73, 79
List the prime factors of 11158836.
2, 3, 13, 233, 307
List the prime factors of 225048.
2, 3, 9377
What are the prime factors of 268585?
5, 53717
List the prime factors of 3713308.
2, 43, 21589
List the prime factors of 290184.
2, 3, 107, 113
What are the prime factors of 26320?
2, 5, 7, 47
List the prime factors of 876274.
2, 7, 62591
What are the prime factors of 27397443?
3, 1129, 8089
What are the prime factors of 12266328?
2, 3, 31, 16487
List the prime factors of 237779.
17, 71, 197
List the prime factors of 3639570.
2, 3, 5, 11, 41, 269
What are the prime factors of 2474805?
3, 5, 164987
List the prime factors of 1300848.
2, 3, 41, 661
What are the prime factors of 848399?
848399
List the prime factors of 338260.
2, 5, 13, 1301
What are the prime factors of 2315849?
2315849
What are the prime factors of 31429307?
7, 13, 137, 2521
List the prime factors of 26805.
3, 5, 1787
List the prime factors of 2165708.
2, 67, 8081
What are the prime factors of 17987410?
2, 5, 7, 36709
What are the prime factors of 22618988?
2, 7, 37, 3119
List the prime factors of 2456834.
2, 953, 1289
What are the prime factors of 176495?
5, 11, 3209
List the prime factors of 100925.
5, 11, 367
List the prime factors of 1767977.
157, 11261
What are the prime factors of 981683?
981683
List the prime factors of 980113.
29, 33797
What are the prime factors of 66335?
5, 13267
List the prime factors of 331126.
2, 17, 9739
List the prime factors of 1861427.
43, 73, 593
List the prime factors of 117016.
2, 14627
What are the prime factors of 502222?
2, 7, 29, 1237
List the prime factors of 10147442.
2, 5073721
List the prime factors of 1535069.
1535069
List the prime factors of 13213764.
2, 3, 367049
List the prime factors of 162814.
2, 127, 641
List the prime factors of 638205.
3, 5, 157, 271
List the prime factors of 2379028.
2, 19, 23, 1361
What are the prime factors of 94364?
2, 31, 761
What are the prime factors of 144690?
2, 3, 5, 7, 13, 53
List the prime factors of 691776.
2, 3, 1201
What are the prime factors of 9110418?
2, 3, 227, 6689
What are the prime factors of 2663754?
2, 3, 131, 3389
List the prime factors of 395300.
2, 5, 59, 67
List the prime factors of 48670.
2, 5, 31, 157
What are the prime factors of 704050?
2, 5, 14081
List the prime factors of 2233552.
2, 139597
What are the prime factors of 12112937?
19, 83, 7681
What are the prime factors of 34579060?
2, 5, 1728953
What are the prime factors of 269976?
2, 3, 7, 1607
List the prime factors of 883446.
2, 3, 73, 2017
List the prime factors of 322644.
2, 3, 7, 23, 167
List the prime factors of 127086.
2, 3, 59, 359
What are the prime factors of 4768?
2, 149
List the prime factors of 39224.
2, 4903
What are the prime factors of 19093425?
3, 5, 13, 19583
List the prime factors of 1766821.
7, 83, 3041
What are the prime factors of 237036?
2, 3, 19753
What are the prime factors of 674420?
2, 5, 33721
List the prime factors of 10305716.
2, 2576429
List the prime factors of 3324302.
2, 37, 167, 269
List the prime factors of 10844903.
199, 54497
List the prime factors of 1161053.
131, 8863
What are the prime factors of 404044?
2, 83, 1217
List the prime factors of 18339144.
2, 3, 764131
List the prime factors of 17795853.
3, 37, 53441
List the prime factors of 1394573.
1394573
What are the prime factors of 1020857?
271, 3767
List the prime factors of 1004259.
3, 334753
List the prime factors of 1079262.
2, 3, 17, 3527
What are the prime factors of 3235087?
3235087
What are the prime factors of 3535209?
3, 31, 12671
What are the prime factors of 29549599?
383, 77153
What are the prime factors of 1353774?
2, 3, 225629
List the prime factors of 486952.
2, 60869
List the prime factors of 353190.
2, 3, 5, 61, 193
What are the prime factors of 7356150?
2, 3, 5, 5449
List the prime factors of 1509007.
23, 65609
What are the prime factors of 979206?
2, 3, 293, 557
What are the prime factors of 1968915?
3, 5, 13, 23, 439
List the prime factors of 2650169.
2650169
List the prime factors of 296656.
2, 18541
List the prime factors of 9066743.
7, 19, 68171
What are the prime factors of 607649?
7, 12401
What are the prime factors of 446070?
2, 3, 5, 14869
What are the prime factors of 4204360?
2, 5, 89, 1181
What are the prime factors of 318747?
3, 11, 13, 743
What are the prime factors of 109112?
2, 23, 593
What are the prime factors of 685658?
2, 31, 11059
List the prime factors of 3745987.
7, 23, 53, 439
List the prime factors of 8482321.
911, 9311
List the prime factors of 3970845.
3, 5, 88241
List the prime factors of 355742.
2, 17, 10463
What are the prime factors of 237888?
2, 3, 7, 59
What are the prime factors of 1811067?
3, 603689
What are the prime factors of 255604?
2, 63901
What are the prime factors of 814645?
5, 13, 83, 151
What are the prime factors of 25855205?
5, 5171041
List the prime factors of 18586228.
2, 4646557
What are the prime factors of 22716892?
2, 11, 516293
What are the prime factors of 304214?
2, 37, 4111
What are the prime factors of 352103?
79, 4457
What are the prime factors of 1884901?
1884901
What are the prime factors of 401486?
2, 197, 1019
What are the prime factors of 2984180?
2, 5, 17, 67, 131
What are the prime factors of 259391?
11, 23581
What are the prime factors of 3842226?
2, 3, 113, 1889
List the prime factors of 1147045.
5, 229409
List the prime factors of 286839.
3, 7, 29, 157
List the prime factors of 292492.
2, 83, 881
List the prime factors of 1512853.
167, 9059
List the prime factors of 10358644.
2, 17, 347, 439
List the prime factors of 571529.
7, 81647
List the prime factors of 2947045.
5, 589409
List the prime factors of 274275.
3, 5, 23, 53
List the prime factors of 306111.
3, 13, 47, 167
What are the prime factors of 11779358?
2, 23, 163, 1571
What are the prime factors of 4268878?
2, 2134439
List the prime factors of 6280018.
2, 89, 35281
List the prime factors of 12908967.
3, 17, 37, 6841
List the prime factors of 111212.
2, 27803
What are the prime factors of 693206?
2, 307, 1129
List the prime factors of 23379567.
3, 2341, 3329
What are the prime factors of 841346?
2, 11, 167, 229
List the prime factors of 6782538.
2, 3, 7, 167, 967
What are the prime factors of 7777435?
5, 31, 50177
List the prime factors of 450704.
2, 17, 1657
What are the prime factors of 3228820?
2, 5, 7, 23063
List the prime factors of 29463.
3, 7, 23, 61
List the prime factors of 15736880.
2, 5, 229, 859
List the prime factors of 6205165.
5